ed by 8?
4
Let h(r) = r**2 + 12*r - 16. Let w = -18 + 4. What is the remainder when h(w) is divided by 5?
2
Let a = 117 - 10. Calculate the remainder when a is divided by 27.
26
Let t = 1 - -7. Calculate the remainder when t is divided by 6.
2
Let x(m) = -m**3 + 3*m**2 + 4*m + 1. Suppose 5*b = 4*a - 37, -4*b - 26 = -6. What is the remainder when a/(-1*(-6)/4) is divided by x(4)?
0
Let n(c) = -3*c - 16. Suppose -4*d + 5*b - 37 = 0, 0*d - 3*b + 30 = -3*d. Let i be d/(-2 - -3) - -2. Calculate the remainder when 33 is divided by n(i).
16
Suppose -5*t + 35 = 5*k, -t - 3*k + 0 = -1. Suppose -2*m + 34 + 27 = -5*g, 3*g - 161 = -4*m. Calculate the remainder when m is divided by t.
8
Let l(q) = -q + 32. Calculate the remainder when 125 is divided by l(0).
29
Let z be ((-105)/(-9))/(1/(-9)). What is the remainder when z/(-4) - 1/4 is divided by 14?
12
Suppose 3*j + 18 = 3*f, 5*f - 2*j + 11 - 35 = 0. Calculate the remainder when 7 is divided by f.
3
Suppose -9*s = -5*j - 5*s + 20, 5*s + 25 = -3*j. Suppose 4*v = 2*y + 34 + 16, j = 5*v - y - 67. What is the remainder when v is divided by 8?
6
Let f = 33 - 16. Calculate the remainder when 31 is divided by f.
14
Let i(l) = -l**2 + 18. What is the remainder when i(0) is divided by 11?
7
Calculate the remainder when 13 is divided by 4/48*4*21.
6
Let f be (-2)/11 - 14/(-77). Let q(i) = -i**2 + 2. Let t be q(f). Suppose -t*v = -3 + 9, v - 4 = -z. Calculate the remainder when 19 is divided by z.
5
Let o = -30 - -57. Suppose -3*s + o = -15. What is the remainder when 55 is divided by s?
13
Suppose 0 = -5*a, -3*m + 4*a = -m - 34. Let q = 63 + -31. Calculate the remainder when q is divided by m.
15
Suppose 26 = 5*n - 39. Suppose 4*i - 209 - 59 = 0. Let o = -30 + i. What is the remainder when o is divided by n?
11
Suppose 0 = -11*m - 5*m + 1536. Calculate the remainder when m is divided by 34.
28
Let a(z) = -z**3 + 6*z**2 + 4*z + 1. Let s be a(7). Let t = s + 29. What is the remainder when t is divided by 4?
1
Suppose -3*a - 5*u = -45 + 7, 5*u = -2*a + 22. Suppose -5*m + 126 = n - 25, 4*m + 3*n = 112. What is the remainder when m is divided by a?
15
Suppose 0 = -5*i + 11*i - 102. What is the remainder when 99 is divided by i?
14
Let z be (80 + 4)*2/3. Suppose 5*x - z - 19 = 0. Let i = 11 + 17. What is the remainder when i is divided by x?
13
What is the remainder when 41 is divided by (-2)/(-2) - 42/(-2)?
19
Let x = -3 - -12. Let o(l) = -l**3 - 8*l**2 - 10*l - 6. Let y = 11 + -18. Calculate the remainder when o(y) is divided by x.
6
Let z(x) = x**3 - 14*x**2 + 14*x - 11. Let w be z(13). Suppose -52 - w = -3*v. What is the remainder when 71 is divided by v?
17
Let k(l) = 4*l - 17. What is the remainder when 26 is divided by k(6)?
5
Let q(n) be the second derivative of n**5/20 - n**4/4 - 2*n**3/3 - 3*n**2 - 3*n. Calculate the remainder when q(5) is divided by 13.
11
Suppose -h + 709 + 86 = 4*t, -4*t + h = -805. Suppose 2*l + 2*l = t. Calculate the remainder when l is divided by 17.
16
Suppose 4*b - 208 = h + 62, 2*h = 3*b - 205. Let u = 7 - -7. What is the remainder when b is divided by u?
11
Let p(c) = 22*c - 79. What is the remainder when p(5) is divided by 26?
5
Let y = -30 - -47. Suppose -2*s = -3*s + 6. What is the remainder when y is divided by s?
5
Let q be 2*-3*(-1)/2. Let o = -2 + q. Calculate the remainder when o is divided by (-2)/(-6)*3/1.
0
Suppose 0*o + 69 = x + 2*o, -3*o - 216 = -3*x. What is the remainder when x is divided by 18?
17
Let a = 4 + 14. What is the remainder when a is divided by 5?
3
Let r be (14 - -2)*(-3)/6. Let u(j) = -j**2 - 9*j + 11. Let k be u(-8). Let s = k + r. Calculate the remainder when 20 is divided by s.
9
Let a(i) = -i**2 + i + 3. Let m be a(4). What is the remainder when (3/2)/(m/(-78)) is divided by 7?
6
Let j = 18 - 10. What is the remainder when 31 is divided by j?
7
Let q be (-6)/(-5)*(-20)/(-6). Suppose 0 = 2*u - q*j + j - 34, 4*j = 5*u - 99. What is the remainder when u is divided by 6/9*1*12?
7
Suppose 105 - 309 = -4*y. Calculate the remainder when y is divided by 26.
25
Let n = -157 - -206. Calculate the remainder when n is divided by 13.
10
Calculate the remainder when (-240)/(-14) + 11/(-77) is divided by 10.
7
Let i(q) = 7*q - 21. Let t(h) = 1. Let w(x) = -i(x) - 21*t(x). Let p(c) = -8*c. Let n(v) = -6*p(v) + 7*w(v). What is the remainder when 2 is divided by n(-1)?
0
Suppose 2*d = 2*u - 4*u + 34, 4*d - 5*u = 68. Calculate the remainder when 65 is divided by d.
14
Suppose 0 = 3*b - 5 - 1. What is the remainder when 2 is divided by b?
0
Let w(y) = 3*y - 5. Suppose -3*q + 4*u - 4 = q, q = 4*u - 16. Calculate the remainder when 33 is divided by w(q).
5
Let o be 10/(-25) - (-81)/15. Suppose -o*i + g + 103 = 0, -3*g = -0*i + 5*i - 111. Calculate the remainder when 81 is divided by i.
18
Let p(o) = o**3 - 11*o**2 + 9*o + 14. Let k be p(10). What is the remainder when 12/16 - (-193)/k is divided by ((-34)/(-6))/((-1)/(-3))?
15
Let l be 1/((-1)/(1/(-1))). What is the remainder when 0 - 28*-2 - l is divided by 2/13 + 735/39?
17
Suppose -9 + 29 = 5*h. Suppose -6 = h*x - 74. Calculate the remainder when x is divided by 6.
5
Suppose 2*r - 5*y = -0*r - 16, -4*r + 20 = 3*y. Calculate the remainder when r is divided by 1.
0
Let q be 2/(-3)*(-60)/(-4). Let y = 1 - q. What is the remainder when 42 is divided by y?
9
Let r(f) = -f**3 + 2*f**2 - 3*f + 1. Let h be r(2). Let x = h - -10. Calculate the remainder when 17/((-4)/(-4 - 0)) is divided by x.
2
Let a be 2*-2 - (-2)/(-1). What is the remainder when 31 is divided by ((-8)/a)/((-5)/(-60))?
15
Let t(d) = d**2 - 6*d - 4. Suppose -i - 2 = -4. Suppose 4*m - 3*j + 1 = -1, -i*j + 7 = 3*m. Calculate the remainder when t(7) is divided by m.
0
Let l = 16 + -3. Suppose 6*b - 45 = b. Suppose -5*j + 17 = -2*q, b + 7 = 4*q. Calculate the remainder when l is divided by j.
3
Let u = -162 + 236. Calculate the remainder when u is divided by 25.
24
Suppose -2*p + 6*p + 68 = 0. Let w = 26 + p. What is the remainder when 17 is divided by w?
8
Let z(b) = -b**2 - 2*b + 26. Calculate the remainder when z(0) is divided by 9.
8
Let s = -49 - -71. Let j = -62 - -127. Calculate the remainder when j is divided by s.
21
Let x = -31 - -52. What is the remainder when x is divided by 8?
5
Let y(k) be the second derivative of k**5/20 - k**3 + 2*k**2 - 2*k. What is the remainder when y(4) is divided by (15/(-4))/(2/(-8))?
14
Let q = 2 - -1. Suppose -3 = 3*h + q. Let c = 5 + h. Calculate the remainder when c is divided by 2.
1
Suppose 4*j - 2*j = 18. What is the remainder when j is divided by 3?
0
Let w = 6 + 0. Let n(l) = 2*l**2 + 4*l + 2. Let c be n(-4). Suppose -c - 12 = -3*f. Calculate the remainder when f is divided by w.
4
Suppose 51 = 3*w + 2*c, c + 4*c = 5*w - 60. What is the remainder when (-2 - -61) + 0 + 0 is divided by w?
14
Let v = 58 - 33. Suppose -9 = -3*z - 4*o - 0, 3*z + 5*o = 12. Let d(h) = 10*h**2 - 1. What is the remainder when v is divided by d(z)?
7
Suppose -3*j - 5*o + 3*o + 38 = 0, o = -2. Calculate the remainder when 109 is divided by j.
11
Suppose -2*t = s - 18, -4 - 46 = -5*t - 5*s. Let k(y) = 11*y + 3*y - 6*y + 2 - y**2. Calculate the remainder when 2 is divided by k(t).
0
Let n(z) = 1 + z - z**3 + 9*z**2 - 5*z - 3*z. Let a be n(7). Let d = a + -34. What is the remainder when d is divided by 9?
7
Let a(m) = -5*m + 1. Let y be a(-1). Suppose g = -y + 23. What is the remainder when g is divided by 10?
7
Suppose -2*c + c = x - 18, 118 = 5*c - 2*x. What is the remainder when 43 is divided by c?
21
Let g = 136 - 95. Let a(q) = q**3 + 3*q**2 - 3*q. Calculate the remainder when g is divided by a(2).
13
Let m(y) = -3*y**2 + 2*y + 4. Let v(x) = -x**2 + x + 1. Let h(s) = -2*m(s) + 4*v(s). What is the remainder when h(4) is divided by 10?
8
Let r(s) be the second derivative of 3*s**5/5 + s**4/12 - s**3/6 + 2*s. Suppose -9 = -y + 13. Calculate the remainder when y is divided by r(1).
10
What is the remainder when 53 is divided by (7/(7/(-36)))/(2 - 4)?
17
Let r(n) = -n**2 + 9*n - 7. Let w be (-1)/((-3)/(-3))*-3. Suppose 0*u = -u + w. Calculate the remainder when r(7) is divided by u.
1
Let k(z) = z**3 - 7*z**2 - z + 10. Let y be k(7). Let i be (4/2 - 4) + 4. Suppose i*n - 75 = -y*n. What is the remainder when 44 is divided by n?
14
Let g be 23 +